mainder when 255606 is divided by 7100?
6
Calculate the remainder when 962482 is divided by 480084.
2314
What is the remainder when 53242 is divided by 8716?
946
What is the remainder when 66548369 is divided by 102?
101
Calculate the remainder when 445004 is divided by 42.
14
Calculate the remainder when 46397753 is divided by 23198856.
41
Calculate the remainder when 22842751 is divided by 525.
1
Calculate the remainder when 143857374 is divided by 125.
124
What is the remainder when 1664980 is divided by 7305?
6745
What is the remainder when 441737 is divided by 873?
872
Calculate the remainder when 432814 is divided by 61.
19
Calculate the remainder when 564967069 is divided by 188.
185
Calculate the remainder when 432683 is divided by 2239.
556
Calculate the remainder when 11711179 is divided by 620.
619
What is the remainder when 213593753 is divided by 3240?
3233
Calculate the remainder when 3042696 is divided by 732.
504
What is the remainder when 2304240 is divided by 345?
330
What is the remainder when 2283944 is divided by 471?
65
What is the remainder when 569095 is divided by 14558?
1333
Calculate the remainder when 1067530 is divided by 671.
640
What is the remainder when 77159 is divided by 19289?
3
What is the remainder when 761781927 is divided by 503?
499
Calculate the remainder when 689077 is divided by 7104.
7093
What is the remainder when 801798 is divided by 2329?
622
What is the remainder when 112193014 is divided by 2255?
2254
What is the remainder when 39618 is divided by 240?
18
What is the remainder when 26198445 is divided by 121?
9
What is the remainder when 1019845 is divided by 509762?
321
What is the remainder when 10958418 is divided by 408?
354
Calculate the remainder when 769807 is divided by 13047.
34
Calculate the remainder when 1382277 is divided by 172780.
37
What is the remainder when 16060 is divided by 4001?
56
What is the remainder when 19351 is divided by 9573?
205
Calculate the remainder when 6619 is divided by 6564.
55
Calculate the remainder when 22649001 is divided by 78100.
1
What is the remainder when 43763983 is divided by 1050?
1033
Calculate the remainder when 65873 is divided by 183.
176
Calculate the remainder when 715513 is divided by 589.
467
What is the remainder when 117258560 is divided by 199?
198
What is the remainder when 590926 is divided by 457?
25
What is the remainder when 3721825 is divided by 476?
457
What is the remainder when 2527463 is divided by 10531?
23
What is the remainder when 49498391 is divided by 8249731?
5
Calculate the remainder when 2925632 is divided by 37033.
25
What is the remainder when 2033379 is divided by 13290?
9
Calculate the remainder when 575153 is divided by 33829.
60
Calculate the remainder when 645358 is divided by 2818.
36
What is the remainder when 5459947 is divided by 2017?
1945
What is the remainder when 47419 is divided by 1482?
1477
Calculate the remainder when 1517687 is divided by 252932.
95
What is the remainder when 2576110 is divided by 772?
718
What is the remainder when 9870231 is divided by 107285?
11
What is the remainder when 2323237 is divided by 2847?
85
Calculate the remainder when 48640425 is divided by 1945617.
0
Calculate the remainder when 6404815 is divided by 1661.
1660
Calculate the remainder when 776378 is divided by 45.
38
What is the remainder when 3665329 is divided by 261776?
465
What is the remainder when 1001159 is divided by 789?
707
What is the remainder when 129782 is divided by 25925?
157
Calculate the remainder when 796373 is divided by 2356.
45
What is the remainder when 12270 is divided by 4010?
240
Calculate the remainder when 14748 is divided by 184.
28
Calculate the remainder when 6166426 is divided by 1541604.
10
Calculate the remainder when 1798340 is divided by 1904.
964
What is the remainder when 891369880 is divided by 61?
60
Calculate the remainder when 1970478 is divided by 197046.
18
Calculate the remainder when 371629821 is divided by 89.
86
Calculate the remainder when 5860344 is divided by 5814.
5646
What is the remainder when 16674362 is divided by 458?
414
What is the remainder when 198609914 is divided by 2560?
2554
Calculate the remainder when 2204059 is divided by 193.
192
What is the remainder when 86786846 is divided by 843?
839
What is the remainder when 8220751 is divided by 156?
19
What is the remainder when 4312428 is divided by 308030?
8
Calculate the remainder when 1602 is divided by 434.
300
What is the remainder when 808027 is divided by 43?
14
Calculate the remainder when 24178 is divided by 24169.
9
What is the remainder when 921177123 is divided by 5?
3
Calculate the remainder when 79257844 is divided by 181784.
20
What is the remainder when 531519 is divided by 520?
79
Calculate the remainder when 12430400 is divided by 680.
0
Calculate the remainder when 6408258 is divided by 6408252.
6
Calculate the remainder when 731545 is divided by 283.
273
What is the remainder when 62689 is divided by 12475?
314
What is the remainder when 3096023 is divided by 12142?
11955
Calculate the remainder when 21718042 is divided by 304.
282
Calculate the remainder when 1162784 is divided by 2851.
2427
What is the remainder when 941792 is divided by 20473?
34
What is the remainder when 2004354 is divided by 433?
430
Calculate the remainder when 111118 is divided by 31.
14
What is the remainder when 36558 is divided by 4543?
214
Calculate the remainder when 8045076 is divided by 1340843.
18
Calculate the remainder when 2523384 is divided by 5295.
2964
What is the remainder when 1638818 is divided by 15035?
3
What is the remainder when 1339159 is divided by 973?
311
Calculate the remainder when 142267768 is divided by 15.
13
What is the remainder when 530524567 is divided by 1574?
1571
Calculate the remainder when 61359 is divided by 6135.
9
Calculate the remainder when 544315261 is divided by 64.
61
What is the remainder when 152064063 is divided by 13506?
9
Calculate the remainder when 40951137 is divided by 10237782.
9
Calculate the remainder when 8235356 is divided by 2058836.
12
Calculate the remainder when 166269 is divided by 79695.
6879
Calculate the remainder when 2591778 is divided by 13.
7
What is the remainder when 42047615 is divided by 96?
95
What is the remainder when 31083 is divided by 24?
3
What is the remainder when 35668717 is divided by 193?
1
What is the remainder when 12014710 is divided by 605?
15
What is the remainder when 2395970 is divided by 149?
50
Calculate the remainder when 871159 is divided by 79125.
784
Calculate the remainder when 3985300 is divided by 83.
55
Calculate the remainder when 273515 is divided by 157.
21
Calculate the remainder when 6982915 is divided by 15.
10
What is the remainder when 699064 is divided by 174751?
60
Calculate the remainder when 62876 is divided by 62870.
6
What is the remainder when 2436089 is divided by 248?
233
Calculate the remainder when 610215 is divided by 46774.
2153
Calculate the remainder when 267258756 is divided by 714.
702
Calculate the remainder when 289164 is divided by 21473.
10015
What is the remainder when 358810 is divided by 63?
25
Calculate the remainder when 90863173 is divided by 327.
10
Calculate the remainder when 311280 is divided by 15530.
680
What is the remainder when 731099 is divided by 1483?
1463
What is the remainder when 999399 is divided by 866?
35
What is the remainder when 201605 is divided by 9596?
89
What is the remainder when 1290582 is divided by 9?
0
Calculate the remainder when 652227211 is divided by 12.
7
What is the remainder when 6825001 is divided by 83?
77
What is the remainder when 1210980 is divided by 20?
0
What is the remainder when 13718776 is divided by 17?
14
What is the remainder when 1438974 is divided by 1685?
1669
Calculate the remainder when 405586 is divided by 12095.
6451
What is the remainder when 32652 is divided by 13117?
6418
What is the remainder when 1333983 is divided by 692?
499
What is the remainder when 43837559 is divided by 408?
407
Calculate the remainder when 401056 is divided by 136.
128
Calculate the remainder when 175493 is divided by 1318.
199
What is the remainder when 1496433 is divided by 2207?
87
Calculate the remainder when 59639 is divided 